26 + (40 - -2)
44
Calculate 142 - 25 - 99 - 86.
-68
18 - (6 - (19 - (11 - 15 - -4)))
31
What is -19 - (9 + -5) - -1?
-22
What is the value of -27 + (78 + -82 - (-5 - 7))?
-19
58 - -1 - (1 + (-4 - -7) + (-1142 - -1141))
56
What is the value of -20 - -55 - (7 + 17 + -13)?
24
What is -1 + 24 - (5 - -32 - 52)?
38
1805 + -1811 - ((2 - (-2 - -1)) + 16)
-25
What is the value of (10 - (24 - -6 - 25 - (-5 + 1))) + -72?
-71
Evaluate (-2 + 56 - 32) + 24 + -1.
45
Evaluate (-155 - -132) + -51 + 14.
-60
What is 22 + 72 + -79 + -37?
-22
What is the value of (-6 + -15 - -16) + -3 + 0 - (9 + -34)?
17
What is the value of -20 + (8 - (-37 - -57))?
-32
What is the value of (2 - 3 - (1 + -2)) + 9085 + -9098?
-13
Evaluate 39 - (8 - 4) - (-2 + (11 - (-7 + 24))).
43
What is 1 + 1 + -14 + (1 + 48 - 53)?
-16
What is -2 + -16 - -2 - -30 - 23?
-9
(-21 + (-14 + 27 + -7 - -1) - -18) + 115
119
Evaluate (-119 + 168 - 137) + 14.
-74
Evaluate -32 + (4 - 18 - -10) + (4 - -7).
-25
Calculate ((-20 - -12) + 12 - (13 - 10)) + 38.
39
What is -14 + (45 - 17) + -10 + (-9 - -29)?
24
3 + 7 + ((7 - 20) + 1 - 25)
-27
What is the value of -3 + 2 + -6 + (39 - (154 - 107))?
-15
Evaluate -1 + 20 + (17 - 17) - 58.
-39
Evaluate 48 + -15 + (-4 - 3) + -29.
-3
(6 - 16) + (-8 - 22) + 0 + 6 + -9
-43
What is 0 + (35 - (-10 + -1) - -3) + (-14 - -6)?
41
Evaluate -68 + 45 + (4 - (4 - -9)).
-32
1 + 117 - (5644 - 5572)
46
What is the value of -15 - (0 + -3) - (-20 + 27 + -14)?
-5
What is the value of 26 + -4 + -8 + 34 + -18?
30
Calculate -26 + 27 + -19 + (21 - 39).
-36
What is the value of 48 + -56 + 15 - (3 - 0) - 12?
-8
(71 + 5 - 75) + 0 + 31 + -3
29
-12 + (21 - (-38 - -49) - (2 - 4))
0
What is 18 - (3 + (-8 - -1) + 810 + -819)?
31
What is the value of -3 + -17 + 14 + (66 - 5) - 10?
45
Evaluate (-36 - -54) + (-4 - (14 - 3)).
3
What is 6 - 7 - 13 - (-13 + (-17 - -1))?
15
What is (8 + 11 + -12 - 37) + (-58 - -56)?
-32
Calculate -4 + (14 + 1 - (-15 + (0 - -23))).
3
Evaluate 61 + (-7 - -9) + (-16 - (0 + (-2 - 3))).
52
Calculate (8 - -42) + 38 + -65 - -5.
28
Evaluate (-18 - 74 - 43) + 85.
-50
106 + 21 + -294 + 109
-58
Evaluate 0 + 36 - -183 - 113.
106
What is the value of -69 + 111 + 9 - 80?
-29
What is 0 + -2 - ((6 + 1 - (-215 - -188)) + -22)?
-14
Calculate -7 + (1 - -48) + (171 - 155).
58
Evaluate (8 - -6) + -13 - -84 - (2 + 4).
79
What is the value of (-74 - -144) + 62 + -54?
78
Calculate (1 - 1 - 21) + 317 + -268.
28
Evaluate 6 - ((-40 - (-15 + -29)) + (48 - (1 - -1))).
-44
What is the value of (30 + -33 - -32) + -134 + (-2 - 14)?
-121
What is the value of 9 - ((124 - 57) + -17)?
-41
Calculate -51 + 14 - (1 + -6 + (-5 - -7) + 1).
-35
-3 + -44 + -41 + 57
-31
What is the value of 0 + 12 - (-33 + 8 + 18 - -4)?
15
Evaluate -17 - (-1 - -57 - (-23 + 15 + 13)).
-68
What is the value of 8 + 15 + (-35 - -12) - -59?
59
What is (1 - (2 - 3)) + 28 - (-158 + 107 + 47)?
34
Evaluate 619 + -612 + (4 - -29).
40
What is the value of -9 - -62 - 135 - -42?
-40
What is -1 + (-11 - (7 + -5)) - (-8 - -3 - 5)?
-4
11 - (-17 + 0) - 62
-34
What is -8 + (-2 - -7) - -1 - (-15 + (26 - 15))?
2
What is the value of (-195 - -206) + 10 + (-2 - (6 - 4))?
17
What is the value of -22 + (-66 - -36 - -141)?
89
What is -4 + -12 - (58 - 38)?
-36
What is the value of 3242 + -3188 - (37 + 0 + -4)?
21
Calculate 38 - 1 - (-5268 - -5172).
133
Calculate 102 + (83 - 213 - -58).
30
What is 2 + 0 - 3 - (12 - (65 - 57))?
-5
What is the value of 2 + (96 - 58) - 93?
-53
Calculate 50 + -82 + 42 - (-52 - (-1 + 2)).
63
What is -16 + (16 - 14 - -8) + (2 - 6)?
-10
What is -86 + 163 + -124 - (6 - 8 - (0 - 4))?
-49
Evaluate 116 + -102 + (0 - 1) - (1 + 1) - -4.
15
Calculate 72 + 2 - (2672 - 2655).
57
What is the value of (21 - 54) + -55 - (-17 + -9)?
-62
Evaluate (0 - (-77 + (1 - 1))) + -168 + 197 + -24.
82
What is the value of 26 + 28 + (-2 - (18 + -13))?
47
7 - -1 - (2 + -16 + -22 + -4 + 5)
43
Calculate (3 - 8) + (453 - 434).
14
What is 49 + -85 + 55 - -2?
21
What is the value of 36 + -19 - 14 - (0 + 11 + -5)?
-3
Evaluate 109 - (83 - (-48 - -102)).
80
What is -8 - (27 - ((-7 + 18 - 24) + 15))?
-33
What is -16 + (477 - 472) + (10 - -1)?
0
What is (-49 - 34 - 57) + 61?
-79
Calculate (-27 - -45 - 73) + -7.
-62
What is the value of 8 + 1 - (5 - 109) - 22?
91
Evaluate 9 + -14 + 20 + -24 + 1 + (1 - -4).
-3
What is (-9 - -11) + 36 + (-8 - -73)?
103
Calculate -625 - -641 - (-22 + -3 + 4).
37
What is the value of (-1 - -3) + -67 + 10 + (-13 - -1 - -11)?
-56
What is -99 - ((96 - -41) + -262)?
26
Calculate (286 + -305 - (-1 - 22)) + -11.
-7
Evaluate -6 - (-16 + (-1 - (-8 + 0 + 3))) - 42.
-36
Evaluate (51 - 19) + 3 + -70.
-35
Evaluate (279 - 170) + -42 + (-4 - -45).
108
What is the value of -2 - (1 - 2) - (-2238 + 2240) - -37?
34
What is the value of -9 - (-74 - (-14 - (-11 + 20)))?
42
Calculate 104 - (0 - -22 - (6 - 5) - (530 + -517)).
96
What is the value of (-4 - 70 - (110 + -153)) + -88?
-119
Evaluate (8 - 21) + 23 - -1 - (-9 + 61).
-41
Calculate -36 + (-135 - -24) + 135.
-12
Evaluate 137 + -147 + 95 + 3.
88
Evaluate (51 - (76 - 34)) + -57.
-48
Evaluate -4 - (31 - 8) - (14 + (-2 - 12 - 10)).
-17
Calculate -47 - ((-54 - -27) + 18 + -24).
-14
Evaluate -60 - (16 + 40 - 96).
-20
What is -1 - 33 - (-62 + -7 + 71 - (-5 - -1))?
-40
Calculate -37 + -1 + (4 - (-7 - (-6 - -3)) - 17).
-47
What is -50 + (51 - 102) - -119?
18
What is the value of -37 + 51 + (-17 + (-8 - -18) - -12)?
19
(8 - 1 - -33) + -19
21
What is 27 + -31 + -1 + -1 - (-26 + 41)?
-21
What is the value of 35 - (33 + 53 - 2)?
-49
35 - 12 - (26 - -9) - (56 - -9)
-77
(156 - 29) + -124 + 50
53
Calculate -41 + 22 - ((-11 - (-1 + -16)) + 3).
-28
Evaluate -45 - (9 + 8 + -2 + -12 - 4).
-44
Calculate -34 + -2 + 2 + -1 + (0 - (12 - 6)).
-41
What is (-28 - (22 - -15)) + -5 + 8 + 10?
-52
Calculate -370 + 361 + (49 + -8 - (1 - -3)) + 1.
29
(21 - -17) + -2 + -9 + (3 - 2)
28
What is 38 + -14 + (23 - 16 - 15) + 2?
18
Evaluate 5 - ((-6 - (-23 + -7)) + 17) - (1 + 2).
-39
Calculate (7 - (28 + -7)) + 2 + 0 + 7 + 50.
45
What is 4 + (-17 - (-63 + 7))?
43
What is -5 - (-39 - (4 + 12 + -7 - 3))?
40
45 + 46 + -65 + -13
13
What is -93 + (77 - 7 - 2) + -30?
-55
Calculate (-69 + 2 - -142) + 20.
95
Evaluate -79 - (-183 - -77) - -34.
61
Calculate 7 + -60 + -17 + 44 + -1 + -1.
-28
Evaluate -2 + (-270 - -329) + -31 + 1.
27
What is the value of 721 + -728 - (-3 - -2 - (5 + -11 + 28))?
16
What is 206 - (40 + 237) - (-2 + -8 + 0 + -1)?
-60
What is the value of ((-28 - 1) + 28 - 22) + 29 + 1 + -57?
-50
-48 + (-41 - 26) + 170
55
Evaluate (1 - -3 - 17) + (-35 - 64) + 17 + -6.
-101
-31 + -43 + 55 - (-4 + 5 - -4)
-24
What is -70 + 15 + (-1 - -31) + -68?
-93
What is the value of -73 + (-95 - -166) - (-3 - -5 - (45 + 0))?
41
What is the value of -1 - 54 - (2931 + -2990)?
4
-115 + 1 + (-246 - -341)
-19
Evaluate (64 - (136 - 69)) + 12 + 1 - -61.
71
54 - ((-325 - -301) + (47 - 2))
33
Calculate 33 - (1 - (-11 - -11)) - 22.
10
Evaluate 0 - (5 + (3 - -1) + (6 - 4) - 69).
58
Evaluate 8 - (17 + -22 + 49 + -21).
-15
What is 30 + (-7 - 14 - (25 - 30)) - (-15 - -3)?
26
What is (254 - 62) + -59 - 65?
68
Evaluate 16 + (22 - 40 - 0) - 8.
-10
What is -17 + -20 + 48 + -1 - (-3 + 1 - 54)?
66
Calculate -108 - -96 - (-4 + 6 + 0 + -4).
-10
Evaluate -2 + -30 + -77 + 85.
-24
What is the value of (69 - 95) + 86 + (4 - (4 + 6) - -1)?
55
Calculate (20 - -4 - 7 - 0) + (-17 - -16).
16
Calculate -2 + 0 + 7 + 5 - 72.
-62
(9 - -9) + (-122 - -95)
-9
Calculate (161 - 165) + (8 - (24 - (5 + -5))).
-20
Evaluate 36 + 32 + -76 + 19.
11
Calculate 18 - (-19 + (-13 - -13) + 28).
9
-17 + -13 + 8 - -21 - (-10 + 3)
6
What is the value of 7 + 23 + 2 + -20 + 29?
41
Evaluate 71 + -15 + (-6 + 20 - 0) + -2.
68
Calculate 33 + -8 + -45 + -2.
-22
(-19 - -2) + (-60 - -54) + -11 + 12
-22
Calculate 13 + (4 + 4 - 26) + (19 - -1).
15
Evaluate 6 + (-29 - -14 - -20) + (16 + 1 - 8).
20
Evaluate 18 - (106 + -45 + -6).
-37
Evaluate -11 - 30 - (193 + -168).
-66
Calculate 30 + -242 + 60 + 17.
-135
Calculate 32 + 31 + (7 - (-4 - (-9 - -13))).
78
Calculate (10 - (0 + 3 + -16 - (183 - 197))) + 13.
22
Calculate -41 + 1 - (731 - 746).
-25
What is (18 - (4 + 27)) + -7 + 8?
-12
What is -18 + 29 - (-8 - (-9 - (-19 - 6)))?
35
Calculate -4 - (-46 - (-17 + 17)).
42
Calculate (-41 - 21 - 30 - -24) + 23.
-45
(-50 - 17 - -65)